alse
Let a = 23 + -8. Let w be (-34)/(-10) - a/(-25). Suppose 3*k - 237 = 2*q, -w*k - 4*q + 181 = -135. Is k prime?
True
Suppose 5*s = 3*l + l - 12, -4*s = -16. Let p be (-4 + l)*322/8. Is p/2 + (-6)/4 a prime number?
True
Suppose -2*c + 1132 = 2*q, 2*c = -5*q - 272 + 3108. Let b be 0/((-4 - -5)*-2). Suppose b*v + 4*v = q. Is v prime?
False
Is ((-1893)/(0 - 3))/1 a composite number?
False
Let r = 343 + -73. Let b be 60 + (-2 + 1)*-2. Suppose 0 = 4*g - k - 287 + b, k = -5*g + r. Is g a prime number?
False
Let g = 6332 + -3243. Is g composite?
False
Is (-2)/(-10) - 4764/(-5) prime?
True
Let d = 345 - 600. Let r = -178 - d. Is r a prime number?
False
Is 1*(-669)/(-2 - 1) composite?
False
Let h(a) = -8*a - 1. Suppose -5*y - 8 = -3. Let d be h(y). Let j(n) = -n**3 + 9*n**2 - 7*n + 4. Is j(d) prime?
True
Suppose -5*z + 4044 = -z. Suppose 0*d - 3*d = -z. Is d a composite number?
False
Suppose 5*v = 5*a + 15, -6 = -4*v + 2*v + 4*a. Let g(t) = t**2 + t**2 + 0*t - v*t**3 + 0*t**2 - t + 1. Is g(-2) a composite number?
True
Suppose 3*k - 325 - 206 = 0. Suppose 7*o - 4*o - k = 0. Is o prime?
True
Let g(j) = 8*j + 7. Is g(9) a composite number?
False
Let w = 51 - 522. Is (-5)/(1/w*3) composite?
True
Let o be 4/14 - (-16)/(-56). Suppose -d - d + 406 = o. Is d prime?
False
Let c be 8/10*(-5)/(-2). Suppose -c*g + 107 - 15 = 0. Suppose -5*i + 200 = 5*s - 0, s + 3*i - g = 0. Is s a composite number?
False
Suppose 2*q - 56 - 162 = 0. Is q prime?
True
Is (-382)/4*(-17 + 15) prime?
True
Let a be ((-15)/(-4))/((-3)/(-24)). Let l be 1/(-2)*a/(-3). Suppose l*s - 29 = 6. Is s composite?
False
Let y = 6 + -2. Suppose w + 174 = y*w. Let n = w + -12. Is n composite?
True
Let f = -10 - -5. Let h = f + 8. Suppose -u - 4*j - 130 = -h*u, -5*j = -4*u + 263. Is u prime?
True
Suppose -3*g + 1593 = -3*c - 819, 3*c = -4*g + 3209. Is g a composite number?
True
Suppose -b + 2*o = -2, 0*b - 5*b = -o - 10. Suppose -5*u = -b*f + 165, 2*f - 2*u - 145 = 17. Suppose m - j - 71 = j, -5*j - f = -m. Is m a composite number?
True
Let i(d) = -d**3 - d + 2. Let j be i(0). Suppose f = 4*o + 152 - 552, -j*o + 4*f + 214 = 0. Let v = o + -65. Is v a prime number?
False
Suppose 0 = 5*b - 0*b - 845. Is b composite?
True
Suppose 2*h - 3*g + 1 = 0, 0 = -3*h + 5*g - 0 - 3. Suppose 0 = 3*c + 4*m - 153, -3*c = -h*m - 94 - 83. Is c composite?
True
Let k(t) = 19*t**3 + 46*t**3 + 5*t**3 + 17*t**3. Is k(1) prime?
False
Suppose 3*w - 2*w + 2 = 0. Is 3/((-24)/1724)*w composite?
False
Let v = 179 + -102. Is v a prime number?
False
Suppose -4*h + 533 = -515. Is h prime?
False
Let m(p) = -7*p**3 + 1. Let t = 1 - 2. Let f be m(t). Let c(h) = -h**2 + 13*h + 9. Is c(f) a prime number?
False
Let y(c) = 2*c**3 - c**2 + 3*c + 3. Is y(4) composite?
False
Let p be (-1 - 1)*(-85545)/(-18). Is (-2)/9 + p/(-45) composite?
False
Let x = -5 + 20. Let m = x - 0. Is m a prime number?
False
Suppose -q + 40 = q. Let f(r) = 37*r - 3. Let y be f(2). Let l = y + q. Is l prime?
False
Suppose -z - o - 3 = 4*z, -3*z + 2*o = -6. Let c be -1*(1 - 3) + z. Is (2/c)/(1/211) composite?
False
Let d(b) = -5*b**3 + 2*b**2 - b. Let y be d(1). Let h be (-25)/5*y/10. Suppose 6*p - 140 = h*p. Is p a composite number?
True
Let h(k) be the second derivative of -k**5/10 + k**4/3 + 5*k**2/2 + 4*k. Let c be h(-4). Let q = c + -58. Is q composite?
False
Let p(k) = 12*k. Let s be p(-4). Let c = -27 - s. Is c a composite number?
True
Suppose 0*p - 66 = -p. Is (26/(-4))/((-11)/p) composite?
True
Let c = 1 + 18. Is c a prime number?
True
Let b = -24 - -37. Is b prime?
True
Let j = 13 + -8. Let z be 0 - (1 + (0 - j)). Suppose -559 = -z*r + 285. Is r prime?
True
Let i = -1195 - -726. Let s = -256 - i. Is s a prime number?
False
Suppose 0 = -j + 4*j - 3*k + 408, -j - 106 = 5*k. Let r = j - -210. Is r a composite number?
False
Suppose 2*p + 2*p = 5*i - 393, 4*p = -8. Is i prime?
False
Let v = -7 + 10. Suppose 4*r = 6*j - 3*j - 795, -5*r = v*j - 822. Suppose -4*h + j = -207. Is h composite?
True
Suppose 6*y - 2849 = -5*y. Is y prime?
False
Let g = 179 + 236. Suppose 2*b - 259 = g. Is b a composite number?
False
Let d be 3/(3/2) + -4. Let l = 3 + d. Is 6*l*(-2 + 3) prime?
False
Is 116 - (0/3 - 2) - 3 prime?
False
Let r = -2 - -4. Let j be 3052/6 - 10/15. Is (j/10)/(r/5) a composite number?
False
Suppose 6*v = 4*v + 2*c + 18, c = -4. Suppose 2*w = v*w + 6, 4*w = h - 185. Is h a composite number?
True
Let b be ((-63)/(-2))/((-3)/(-20)). Suppose 0 = -0*q - 2*q + b. Suppose -2*x - q = -7*x. Is x composite?
True
Suppose -2*w - 4*b = -3*b - 766, 2*b = 2*w - 754. Is w a prime number?
False
Suppose 3*c + c = 8. Suppose -5 - 3 = -4*d. Suppose 2*r = 3*x + 25, c*x = -d*x + 4. Is r a composite number?
True
Let o = 35 + 18. Is o a composite number?
False
Suppose 28 = -w - 19. Let t = w + 84. Is t a composite number?
False
Suppose -6*j + 3*j = -2*t - 496, -2*t + 2 = 0. Is j a prime number?
False
Suppose 0 = -5*g - 3*k - 3141, 3*g - 5*k = g - 1244. Let u = g + 1054. Is u a prime number?
False
Suppose -n + 4 = 0, -5*u + 5*n - 7 - 3 = 0. Suppose c = -u*b + 1, -3*c + 5 = -2*c - 2*b. Suppose c*v - 124 = -v. Is v a prime number?
True
Suppose q = -281 + 1168. Is q a prime number?
True
Let v(t) = -t**3 - 4*t**2 - 6. Let h(r) = -r**3 + 3*r**2 - 3*r + 3. Let x be h(3). Let l be 114/(-22) + x/(-33). Is v(l) composite?
False
Suppose 0 = -10*h + 9*h - 3. Is h + 2 + 606/3 composite?
True
Suppose -3*y = -d - 166 - 335, -3*y + 2*d = -504. Suppose y = -b - 101. Is (-2)/5 - b/5 composite?
False
Suppose 0 = -5*y + 46 + 24. Let k = y - 24. Is ((-42)/k)/(2/10) composite?
True
Let i(c) = c**2 + 2*c + 1. Let d be i(-1). Suppose d = 5*m - 290 - 255. Is m prime?
True
Let c(v) = 250*v + 1. Let b be c(1). Suppose 3*t = 3*s - 765, 0*s - b = -s + 2*t. Is s composite?
True
Let a be (1 - 5)/(4/(-8)). Is (-139)/(-2) - a/16 a composite number?
True
Let m = 5018 + -2781. Is m composite?
False
Let d(v) = -4*v + 1. Let k be d(-1). Is k*4/((-80)/(-4684)) composite?
False
Let l(m) = -m**2 - 12*m - 1. Let v be l(-10). Is v + 4/1 + -4 composite?
False
Suppose 468 = -5*m + 4*p + 16, m + p = -85. Is (-2)/(-11) - 34744/m composite?
True
Let d(s) = s**3 + 9*s**2 + 3*s - 1. Let a = -18 - -28. Let b be (0 - -10)*(-8)/a. Is d(b) a composite number?
True
Suppose -2*b + 13 = a, 0*b + 3*b - 17 = -a. Let f(s) = -2*s**2 + 4*s - 3. Let q(t) = -6*t**2 + 12*t - 8. Let p(w) = 17*f(w) - 6*q(w). Is p(b) prime?
True
Let i be 5/15 - (-25)/(-3). Let r(x) be the second derivative of x**5/20 + 11*x**4/12 + 3*x**3/2 - 5*x**2/2 + 2*x. Is r(i) prime?
False
Let w = -16 + 20. Is (66/w)/((-15)/(-20)) a composite number?
True
Suppose d = 2 - 0. Suppose 15 + 7 = d*w. Is (-2)/(-11) - (-999)/w prime?
False
Is 50/(-8)*(1 - 5) composite?
True
Let m(i) = -i + 7. Let n be m(14). Let g(t) = t**3 + 7*t**2 - 8*t - 9. Is g(n) prime?
True
Let q(g) = g**2 + 167. Let a(w) = w**3 + 4*w**2 - 4*w + 5. Let j be a(-5). Is q(j) prime?
True
Let j(c) = 97*c + 2. Is j(3) composite?
False
Let n be ((-156)/8)/((-2)/16). Suppose -5*i - 11 = 9, 0 = 4*q - 2*i - n. Is q prime?
True
Let s = -13 + 18. Let y = s + -3. Is (y - 126/4)*-2 composite?
False
Suppose -t + 5*l = 41, -8*l + 3*l - 10 = 0. Let v = t - -76. Is v a prime number?
False
Suppose -z - 2*z - 2 = -w, -5*w - 3 = -2*z. Let h be -5*(0 - -1)*z. Suppose 3*u - b - 137 = 3*b, 5*u - 230 = h*b. Is u a prime number?
True
Suppose 3*t - 727 = -r, 2*r - 2181 = -r - 3*t. Is r a composite number?
False
Let s(v) = 3*v**3 - 6*v**2 - v - 1. Let w(h) = -h**3 + h**2 + h. Let d(o) = s(o) + 2*w(o). Suppose x = 4*t - 23, 3*x = t + x - 4. Is d(t) composite?
True
Let k(u) = -24*u - 7. Let p = -5 + -3. Is k(p) composite?
True
Let v = 2252 + -1179. Is v composite?
True
Suppose -2*o + o = -67. Is o a composite number?
False
Let p(r) = 144*r + 19. Is p(8) composite?
False
Suppose 3*c - z = 786, -15 = -3*z - 2*z. Is c prime?
True
Let q(h) = h**2 + 7*h + 17. Is q(-12) prime?
False
Let i(f) = -1. Let t(d) = 19*d + 10. Let m(u) = -2*i(u) + t(u). Is m(11) prime?
False
Let r(y) be the third derivative of 0*y + 0 - 7/24*y**4 + 3*y**2 - 5/3*y**3. Is r(-9) a composite number?
False
Let g(w) be the second derivative of w**5/20 - w**4/4 + 5*w**3/6 + w**2 - 8*w. Let j = 4 - -1. Is g(j) composite?
True
Let m be 1/(-2*(-1)/(-18)). Is 2 - m - (1 + -1) 